alse
Let r(m) = -2*m**3 - 15*m**2 + 22*m + 62. Is r(-11) composite?
True
Let j(r) = -20*r**2 - 10*r - 20. Let b be j(11). Let w = b + 3869. Is w composite?
False
Let a(c) = -c**2 - 3*c + 8. Let v be (12 + 0)*7/(-21). Let j be a(v). Suppose -s - j*p = -1399, 5*s + p - 6995 = -0*p. Is s a composite number?
False
Let d be 4/(-14) - 192/(-84). Suppose -5*h + h = 5*s - 37308, -h = -4*s - 9348. Suppose -2*l + 7013 = 3*g, 9*g - 5*g - d*l = h. Is g prime?
False
Let l(t) = -t**3 - 6*t**2 + 5*t - 13. Let f be l(-7). Is (3 - 1 - f) + (-155376)/(-13) a composite number?
False
Let l be 38/2 + (-7 - -6) + -3. Suppose 0 = -l*m + 156582 - 12477. Is m a prime number?
False
Let l be ((-68)/119)/(2/(-14)). Let j(c) = 76*c**3 - 3*c**2 + 10*c + 5. Is j(l) a composite number?
False
Let l(r) = -38*r + 151. Let b be l(15). Is -4*b/(-24)*-6 prime?
True
Let n be (-1 + 2)/((-3)/(-6)). Suppose 2*m + x - 6096 = 0, 2*m - 12202 = -n*m + 3*x. Is m a composite number?
False
Suppose -1247519 = -3*p - 356378. Suppose p = 13*x + 16*x. Is x a composite number?
False
Is (-12)/(-32)*1498208/12 composite?
False
Is 340225/27 + 46/621 composite?
False
Let h(v) = 5*v**2 + 1. Let t be h(-1). Suppose -2*a = 4*k + t, -2*a - 11 = -a + 4*k. Suppose 2*o - 3250 = -m - 539, -3*m = a*o - 6776. Is o a prime number?
False
Suppose -3*b + 2*q = 5 - 28, 0 = -3*b + 4*q + 31. Suppose -2*a - 2 = 0, k - b*a + 2*a = 2746. Is k prime?
False
Let c(o) be the first derivative of 61*o**4/4 + 4*o**3/3 + 3*o**2/2 + 7*o - 227. Is c(5) a prime number?
False
Let g(s) = -30897*s**3 - 5*s**2 - 181*s - 536. Is g(-3) prime?
True
Is 1*3 - (-285)/(-19)*(-3946)/3 a composite number?
True
Let r(z) = -4053*z - 1016. Is r(-9) a prime number?
True
Let l = -1269 + 739. Let m = -237 - l. Is m prime?
True
Suppose 0 = -5*y + n + 330597, 2*n - 2 = -6. Is y composite?
True
Is 2/11 + (-18812859)/(-429) composite?
False
Let q(y) = -3209*y + 5474. Is q(-13) prime?
False
Let j(n) = -31*n - 5. Let m(l) = 8*l + 1. Let i(v) = -2*j(v) - 9*m(v). Let a be i(1). Let y(p) = 15*p**2 + 16*p - 10. Is y(a) composite?
False
Let t = 222918 - 85972. Is t prime?
False
Let k(w) = -w**2 + 9*w - 13. Let o be k(6). Suppose 0 = -4*v + 2*i + 15980, -o*v = 3*i - 0*i - 19997. Let d = v - 1714. Is d prime?
False
Suppose 1145088 = 4*g + 8*g - 1276332. Is g prime?
False
Suppose -2*v + 3*j - 5 = -v, -3*v - 3*j = -33. Let r = v + 1. Suppose -r*c + 116 = -6*c. Is c prime?
False
Suppose 0 = -3*s - 18, -5*s - 313537 = -r - 9*s. Is r a prime number?
True
Suppose 5*f + 3 + 47 = 0. Let p be f/(-4)*(-530)/5. Let l = p + 486. Is l composite?
True
Suppose -3*n + 12 = -0*n. Let j(k) = 134*k**2 - 17*k + 25. Let i be j(4). Suppose 185 - i = -n*o. Is o composite?
False
Let d(i) = 15*i**2 - 29*i - 9. Suppose -6*f + 147 = -15. Suppose 0*h + 5*l - 8 = -h, -2*h + l = -f. Is d(h) a composite number?
True
Suppose 2*v + 4*h = 221710, 20*h - 332567 = -3*v + 16*h. Is v prime?
False
Suppose 5*a + 5*s = 594800, -17*s + 12*s = -15. Is a a prime number?
False
Suppose -u - 3090 = u. Let n = u + 838. Let m = 1110 + n. Is m composite?
True
Let x(j) = -7*j**3 + 13*j**2 + 4*j - 3. Let h = 474 - 479. Is x(h) a prime number?
False
Let r = 50 + -55. Let s be r/((-3)/3)*(5 + -4). Suppose -5*h = -3*z + 1839, s*z + 4*h + h = 3065. Is z a composite number?
False
Suppose 68 = 16*x + 292. Is (x/6)/((-7)/9429) a composite number?
True
Suppose -3*m + 2*d = 9 + 12, 0 = -2*d. Let g(n) = 212*n - 167. Let b(o) = 71*o - 56. Let y(c) = 11*b(c) - 4*g(c). Is y(m) prime?
True
Let k = 173 + -170. Suppose 5011 = w - i, i = 2*w - k*w + 5003. Is w composite?
True
Let v(c) be the third derivative of 13*c**5/30 - 3*c**4/8 - 29*c**3/6 + 78*c**2. Is v(12) a prime number?
True
Suppose -25*m + 22*m = -4*a - 317193, -4*a = -5*m + 528647. Is m composite?
False
Let f(s) = 3969*s**2 + 27*s - 47. Is f(3) a composite number?
True
Let u(r) = r**2 + 32*r - 39. Suppose -3*y = -4*n - 8*y + 13, 0 = -3*y + 3. Suppose 0 = -n*q + 3*q - 22. Is u(q) prime?
False
Let d be (-14 - -11)/(2 + (-2278)/1136). Suppose -5*t + t = 0. Suppose t = 3*i + i - d. Is i a composite number?
True
Let l(n) = 7*n + 16 + 2*n - 2*n**2 + 12*n + 14*n. Let u be l(18). Let m(q) = 450*q**2 + q - 5. Is m(u) a composite number?
True
Suppose -5*f = 2*k + 530, -3*f = 2*k + 97 + 217. Is (163146/(-4))/(f/72) a prime number?
True
Suppose -6 = 2*j + 3*a, 2*j + 10 = -4*a + 2. Suppose j = 3*c - 10 - 11. Suppose 3*z = c*z - 1556. Is z composite?
False
Let i(q) = 2*q**2 + 2*q - 3. Let a be i(2). Suppose 18*y = 23*y - 19245. Suppose a*x = 8*x + y. Is x composite?
True
Let h be 2*((-2582)/(-8))/(12/(-24)). Let x = h - -2465. Is x a prime number?
False
Let f(k) = -25*k - 4. Let i(c) = 76*c + 12. Let t(v) = -7*f(v) - 2*i(v). Let s be t(-2). Is (-24810)/s + -4*1/(-14) prime?
False
Suppose 7*f - 25*f - 92520 = 0. Is -1 + 4 - (-4 + f) a prime number?
True
Let o(p) be the second derivative of 0 + 0*p**4 + 3*p + 7/2*p**2 - 1/20*p**5 + 11/6*p**3. Is o(-5) a prime number?
False
Let m(k) = 118746*k**2 + 218*k + 439. Is m(-2) prime?
False
Let i be 5 + -3 + -1 - (1 - -2). Let o be 20/10 + (-2 - i)*1. Suppose -r + 4*g + 1859 = 0, 9229 = 5*r + 4*g - o*g. Is r prime?
True
Let g = -278 + 187. Let z = 5 - g. Let f = z - -115. Is f prime?
True
Let c be (-2 + (-14)/(-3))*(-792)/16. Let g = 119 - c. Is g a prime number?
True
Suppose -6*z + 2773 = -28175. Is z a prime number?
False
Let k = 5485 - 5493. Let l(j) = -12*j**2 + 3*j - 1. Let q(m) = -11*m**2 + 3*m - 2. Let o(f) = 4*l(f) - 5*q(f). Is o(k) prime?
False
Suppose 0 = 3*p + 3*u - 111, 2*p - 4*p + 86 = -2*u. Let k = -30 + p. Let a(f) = 3*f**2 - 9*f - 5. Is a(k) a composite number?
True
Let q(y) = y**2 + 5*y + 0 + 0 - 4*y - 1. Let i be q(-3). Suppose 5*u + n - 25473 = 0, -17817 - 7652 = -i*u - 3*n. Is u prime?
False
Let q = -9464 - -22437. Suppose 4324 = k + m, 2*m - q = -k - 2*k. Suppose k = -l + 6*l. Is l a prime number?
False
Is 9 + (20628 - (11 - 1)) composite?
False
Let u = -126045 - -262325. Is (6/15)/(16/u) composite?
False
Let g = -88 + 42. Let f = -77 - g. Let j = f - -33. Is j a composite number?
False
Let p = 68 - 12. Let v = 55 - p. Is (-1)/(v - -2) + 164 prime?
True
Let b be (10/25)/(2/20). Let o be b/(-12) - 32/(-6). Suppose -279 = -h - 0*h + 5*f, -5*h = -o*f - 1315. Is h a composite number?
True
Let k(z) = -z**2 - 7*z - 6. Let o be k(-5). Let c(i) = -2*i**3 + 6*i**2 - 8*i - 43. Let x be c(17). Is o/(-14) + x/(-63) prime?
True
Let y = 85367 - 50766. Is y a prime number?
False
Let a(t) = -21365*t**3 + t**2 - 3*t - 3. Let r be a(-1). Suppose -2*g - 64087 = -3*b, -b + 10*g = 13*g - r. Is b a prime number?
False
Suppose 166*q = 163*q + 65430. Suppose 5*l = q + 4975. Is l composite?
True
Let g be 4 - (-130)/(-40) - 94/8. Is (-18009)/(-11) + g + (-952)/(-88) a prime number?
True
Let x(p) = 1 + 474*p**2 + 2*p + 1 - 1. Let j be 48/22 + 37/(4884/(-24)). Is x(j) a composite number?
False
Let j(u) = 671*u**3 + 28*u**2 + 34*u + 6. Is j(7) prime?
False
Suppose 4*q - 5120 + 796 = 5*a, 0 = -4*a + 2*q - 3464. Suppose -5*l = -5*r + 8550, -r - 2218 = 2*l + 1190. Let m = a - l. Is m prime?
False
Let f be (-2)/(-2)*(25 + -25). Let b(g) = 2*g**2 - 2*g + 6431. Is b(f) prime?
False
Is (-3 + -1 + (17 - 11))/(16/775704) prime?
False
Let n(u) = 7308*u**2 + 7*u + 24. Let f be n(-3). Suppose -5*m + f = 5*a, -10*a + 26330 = 2*m - 13*a. Is m a prime number?
True
Let b(m) be the second derivative of m**5/4 + 2*m**3/3 + 5*m**2 - 102*m. Is b(5) a prime number?
False
Suppose 59*l - 18*l - 1693259 = 0. Is l a composite number?
False
Is (-6405341)/(-214)*28/2 composite?
True
Let b be (-37)/(-74) - 99453/(-2). Suppose -5*s + b = r - 21555, -3*r + 42762 = 3*s. Is s a composite number?
True
Suppose l = 4*p - 331760, 165890 = -p + 3*p - 3*l. Is p a composite number?
False
Suppose 36*j - 33*j - 2*m = 222881, -5*j + 371505 = 4*m. Is j composite?
False
Suppose -13*k + 5*k = -223928. Suppose -4*i - s = -k, 3*s = 4*i + i - 35010. Is i prime?
False
Suppose 2813 = 153*c - 124*c. Is c a composite number?
False
Suppose -8*a + 6244148 - 324172 = 0. Is a a prime number?
False
Let k be 12/24 + (-15)/(-6). Suppose 0 = -3*s - k*o + 4554, -4*s + 3*o = -709 - 5391. Is s a composite number?
True
Let a = -87479 + 38124. Is (56/(-40) + 1)/(2/a) composite?
False
Let p = 9617 - 13980. Is 